
4
Let r be (-9 - -14) + -103*1. Let z = r - -438. What is the hundreds digit of z?
3
Let i(j) = 8*j - 4. Suppose 5*b - 8 = 2*m + 7, 81 = -5*m - 2*b. Let g(w) = -w**2 - 16*w - 2. Let o be g(m). What is the tens digit of i(o)?
0
Suppose 6*s + 3*s - 144 = 0. Suppose -s*b + 2147 + 253 = 0. What is the tens digit of b?
5
Suppose -f + 193 = k - 33, -4*f = -3*k + 678. Let l = 336 - k. Let z = -56 + l. What is the tens digit of z?
5
Let x be (-1 - 5)/(-6 - 12/(-3)). Let q = x + -16. Let u = 21 + q. What is the units digit of u?
8
Suppose 5*m = -3*i + 4 - 3, 4*m + 5*i + 7 = 0. Suppose 0 = -2*x + 5*w + 1183, -m*x + 0*x + 4*w = -1180. What is the units digit of x?
4
Let b(v) = -v**2 - 14*v - 9. Let c be b(-12). Let g = c - 7. Suppose 11*h - 102 = g*h. What is the units digit of h?
4
Suppose -27 - 13 = -20*x. What is the hundreds digit of ((-63)/35 + x)*3145?
6
Let q be 7 + -5 + (3 - (3 - 2)). Suppose -q*i - 4*s + 24 = 0, 4*i + s - 24 = -6. Suppose 0 = 4*f + z - 50, i*f - 33 = 2*z + 23. What is the tens digit of f?
1
Suppose 3*o = 3*y + 49605, -y - 28964 = -2*o + 4101. What is the thousands digit of o?
6
Let p(q) = -q**3 + 20*q**2 - q + 24. Let a be p(20). Let r be (-4)/(-3) - (39/9 - a). What is the units digit of 2 + 1 + 84 + r?
8
Let g(s) = s**2 + 2*s + 6. Suppose 0*b = 3*b - 9. Suppose 2*d + 28 = -4*w - 3*d, 0 = -b*d. What is the tens digit of g(w)?
4
Let x(z) = 6*z**2 - 30*z + 31. Let c(p) = -3*p**2 + 15*p - 16. Let a(t) = 5*c(t) + 3*x(t). What is the hundreds digit of a(9)?
1
Suppose -s - 583 = -4*s - z, 0 = s + z - 197. Suppose 13*r = -16*r + 3277. Let x = s - r. What is the tens digit of x?
8
Suppose -145 = -18*w + 971. Let x(j) = -2*j**2 - 2*j + 4. Let t be x(-4). Let h = w + t. What is the tens digit of h?
4
Let z(i) = 6*i**2 - 13*i + 425. What is the thousands digit of z(92)?
0
Suppose -4*o + 5*m + 24 = -29, 4*o - 3*m - 43 = 0. Suppose o*x = 15*x - 7320. What is the tens digit of x?
1
Let d(t) = -2*t - 12. Let s be d(-6). Suppose -5*w - 4*c + 147 = 0, w = -s*c - 5*c + 42. Suppose -4*i + 69 = -w. What is the tens digit of i?
2
Suppose 4*c - 8*c + 1070 = -886. What is the units digit of c?
9
What is the tens digit of 19 + -20 - 3*(-123412)/12?
5
Let n(l) = -21*l**2 + 11*l - 44. Let j(x) = 1. Let g(b) = 3*j(b) - n(b). What is the tens digit of g(6)?
3
Suppose 5*x - 117264 = -12*x - 4*x. What is the thousands digit of x?
5
Suppose 4*y = -3*f + 12, -y - 9 = -4*y - 3*f. Suppose -2*p - 1438 = -y*x - 4*p, -3*p = 4*x - 1918. What is the hundreds digit of x?
4
Let p be 4/(-10)*15/6*22. Let d = p + 26. Suppose -4*u + d*z = -105 - 39, 2*u - 74 = 4*z. What is the tens digit of u?
3
Let u(i) = 2*i**2 - 33*i + 24. Let z be u(16). What is the units digit of 3*(2 - z/6) - -9?
1
Let x(q) = q - 9. Let s be x(9). Suppose 4*i - 176 = 3*k - 5*k, -3*k - 6 = s. Suppose -p = -i - 38. What is the tens digit of p?
8
Let l(m) = -m**3 - m**2 + 2*m + 2. Let g be l(0). Let q(s) = g + 2*s**2 + 0*s**2 - 3*s**3 + s**2 - 3. What is the hundreds digit of q(-3)?
1
Suppose -8*d + 85242 = -97406. What is the ten thousands digit of d?
2
Let n(p) = 4*p + 6. Suppose -4*m = 2*i - 5*i - 2, -3*m - 2*i = 7. Let v be n(m). Suppose 3*s - 130 = -v*s - 5*l, -l = -5. What is the tens digit of s?
2
Let k(a) = 2*a + 36. Let p(i) = -2*i - 37. Let o(w) = 3*k(w) + 2*p(w). Let c(j) = -2*j**3 - 13*j**2 - 14*j - 1. Let h be c(-5). What is the units digit of o(h)?
2
Suppose -10*m - 2*u - 45356 = -14*m, 33996 = 3*m - 5*u. What is the units digit of m?
2
Suppose -314*c + 227*c + 1938621 = 0. What is the ten thousands digit of c?
2
Let z = -17238 + 25660. What is the thousands digit of z?
8
What is the units digit of (53 - (7 - -4))/(2/1283)?
3
Let d(j) = -3*j - 10. Let r be d(-8). Let a be r/(-63) + (-1235)/(-9). Suppose 2*t - 3*i = a + 160, 0 = -5*t - 4*i + 731. What is the units digit of t?
7
Suppose 0 = 4*g - 8. Let f be (-27)/18 + 5/g. What is the tens digit of (3 + 2)*f*21?
0
Suppose 787597 + 425569 = 101*g + 6*g. What is the tens digit of g?
3
Let s(g) = -4*g + 9 + 52 + 0. What is the units digit of s(14)?
5
Let w = 2944 - -4007. Suppose w = 85*l - 78*l. What is the tens digit of l?
9
Suppose -130*t = -79*t - 62*t + 223520. What is the tens digit of t?
2
Suppose -92*p + 5036460 = 62*p - 22*p. What is the tens digit of p?
5
Let v(f) = 4*f**3 + 3*f**2 - 4*f - 10. Let c(y) = 10*y**3 + 9*y**2 - 11*y - 31. Let z(g) = -2*c(g) + 7*v(g). What is the units digit of z(4)?
8
Suppose 27*n - 25*n = 5*x - 162620, 5*x = 4*n + 162630. What is the tens digit of x?
2
Suppose -2*d + 2*t = -3736, d - 1272 = 2*t + 600. Suppose -v - 667 = -d. What is the hundreds digit of v?
1
Let l(r) = 10*r**3 + r**2 + 16*r + 3. Let c(q) = -15*q**3 - 2*q**2 - 23*q - 5. Let s(m) = 5*c(m) + 7*l(m). What is the hundreds digit of s(-5)?
5
Let l be (-12 - -12)/10 - 374/(-2). Let u = l + 777. What is the hundreds digit of u?
9
Let g = 7 - 3. Let p(y) = 269*y + 19. Let d(w) = -135*w - 9. Let q(t) = g*p(t) + 9*d(t). What is the units digit of q(-1)?
4
What is the tens digit of (-57131)/(-7) + (2 + 4 - 234/42)?
6
Suppose 8*h + l + 5 = 3*h, 25 = -h - 5*l. Suppose 10*a + 2444 - 11584 = h. What is the hundreds digit of a?
9
Let h = 502 + 786. Let f = 2722 - h. What is the units digit of f?
4
Suppose 0*i + 3*i = -0*i. What is the hundreds digit of i - (0 + (-336 - -2))?
3
Let i(l) = -l**3 + 2*l**2 + 3. Let q be i(2). Suppose m = -q*m + 2*m. Suppose -c - 12*c + 1664 = m. What is the hundreds digit of c?
1
Let p(v) = -7*v + 9. Let j(g) = g + 18. Let r be j(-13). Let b be p(r). What is the tens digit of ((-92)/10)/(5 + b/5)?
4
Suppose 3*c + 12196 = 61606. What is the units digit of c?
0
Let r(w) = -47 + 32*w**2 - w + 25 + 16 + 10*w. What is the tens digit of r(1)?
3
Let u(q) = -17*q - 219. Let j be u(-13). Suppose -l - 1185 = -3*l - w, j*w + 1188 = 2*l. What is the tens digit of l?
9
What is the hundreds digit of (-70)/(-490) + (-41866)/(-7)?
9
Let u = -6105 - -12743. What is the thousands digit of u?
6
Suppose 558 + 57 = 41*v. Suppose -v*r + 10199 - 2054 = 0. What is the units digit of r?
3
Let c be 6/7*175/50. Suppose 914 = c*s + 149. What is the hundreds digit of s?
2
Suppose 0 = -36*y + 30*y + 54. Suppose y = -f + 4*f. Suppose m = 5*p - 0*m - 151, 2*m = f*p - 85. What is the units digit of p?
1
Let v = 85 - 47. Suppose v*n = 35*n + 1134. Suppose -4*d + d = -n. What is the tens digit of d?
2
Let k(t) = 35611*t**2 - 745*t + 745. What is the units digit of k(1)?
1
Suppose -5*h - 5*g + 75 = 0, -2*h + 3*g - g = -22. What is the tens digit of 3783/6 + h/26?
3
Suppose -7*n + 18*n - 671 = 0. Let h = n - -386. What is the hundreds digit of h?
4
Suppose 0 = 15*i + 63 - 243. What is the hundreds digit of 78/4*-33*i/(-27)?
2
Let j = -5011 + 16247. What is the units digit of j?
6
Let i(r) = -r + 23. Let j be i(30). Let q = j + 371. What is the tens digit of q?
6
Let i(p) be the second derivative of -2*p**4/3 - p**3 - p**2 - 17*p. Let t be i(-2). Let s = t - -31. What is the units digit of s?
9
Suppose -5*g + 136541 = 3*j, 0 = 5*g + 2*j - 4210 - 132329. What is the hundreds digit of g?
3
Let u be (-75)/27 + (-14)/63. Let y(h) = 7*h + 1. Let a be y(u). Let r(p) = -2*p**2 - 45*p + 15. What is the tens digit of r(a)?
1
Let s be 7 - (-1 + -4 + 9). What is the units digit of (-2)/((-8)/1464*s)?
2
Let o(v) = -16*v + 6. Let b be o(-3). Let j be (72/b)/(((-1)/(-3))/(-1)). What is the tens digit of (j/(-2))/(14/427)?
6
Suppose 2*d = -5*i + 226787, d + 0*d + 181453 = 4*i. What is the ten thousands digit of i?
4
What is the ten thousands digit of -26 + 2635/102 - (-266090)/12?
2
Let r(y) = y**3 + 22*y**2 - 18*y + 5. Let k be r(-22). Let h be (5 + k)*(-2)/(-2). Suppose 5*w + 2*b = h, -2*b + 175 = 2*w + 3*b. What is the tens digit of w?
8
Let o(l) = l**2 - 16*l + 3. Let s be o(16). Suppose -43 = s*u - 49. Suppose 6*q - 848 = u*q. What is the hundreds digit of q?
2
Let m = 289 - 333. What is the units digit of (-66)/m*(-1304)/(-6)?
6
Suppose 0 = -15*k + 11*k + 1444. Suppose 11*n + 1641 = -k. Let f = n + 308. What is the hundreds digit of f?
1
Let p(x) = -18*x - 76. Let r be p(-15). Suppose 5*i + 7*w = 2*w + 490, 2*i + 3*w - r = 0. What is the hundreds digit of i?
1
Suppose 0 = -14*m + 147608 - 29739 + 66021. What is the ten thousands digit of m?
1
Let u(s) = s**3 + 2*s